n base 7, what is -102 - 2?
-104
In base 7, what is 53101 - -3?
53104
In base 14, what is c - -74?
82
In base 5, what is 2 + -331?
-324
In base 3, what is 1222 - -2?
2001
In base 14, what is 3 - 17?
-14
In base 7, what is 4 + -5131?
-5124
In base 13, what is 2 - a0?
-9b
In base 10, what is 16152 - 0?
16152
In base 16, what is -9 + 17?
e
In base 11, what is 3 - 3a5?
-3a2
In base 16, what is -6b1 + 4?
-6ad
In base 11, what is 3 + 1a6?
1a9
In base 3, what is 21020 + 1?
21021
In base 8, what is -4 - -201?
175
In base 15, what is -5 - 4c1?
-4c6
In base 10, what is 1 - 2111?
-2110
In base 3, what is 1001 + -12?
212
In base 3, what is -1 - -1200?
1122
In base 9, what is 237 - -23?
261
In base 11, what is 64 + 38?
a1
In base 8, what is -4176 - -2?
-4174
In base 12, what is -9 + -99?
-a6
In base 9, what is -20 - 3?
-23
In base 6, what is 224 - -303?
531
In base 14, what is -188 - 0?
-188
In base 6, what is 113151 + -5?
113142
In base 16, what is 1 + 569?
56a
In base 7, what is -644 + 4?
-640
In base 6, what is -1032 - -3?
-1025
In base 4, what is 10 + 2312?
2322
In base 13, what is 898 + -2?
896
In base 13, what is -2 - 10b?
-110
In base 14, what is 11d + 5?
124
In base 6, what is -2321 - -5?
-2312
In base 5, what is 0 - -2431?
2431
In base 12, what is -9 + -14?
-21
In base 4, what is 1 + 112222?
112223
In base 8, what is -13 - 110?
-123
In base 10, what is -4 - 1654?
-1658
In base 16, what is -b - 95?
-a0
In base 12, what is 5 - 1a?
-15
In base 6, what is 10212 - -4?
10220
In base 7, what is 44502 - 3?
44466
In base 8, what is 5 + -72?
-65
In base 10, what is 4 + 696?
700
In base 5, what is 2 - 112?
-110
In base 9, what is 210 + 26?
236
In base 7, what is 0 + 311?
311
In base 7, what is 2335 + -5?
2330
In base 7, what is 4130 + 1?
4131
In base 5, what is -102 + -4011?
-4113
In base 5, what is 1130 + -10?
1120
In base 15, what is 1a78 + 3?
1a7b
In base 6, what is 2133 - 2?
2131
In base 4, what is -2 + -1133122?
-1133130
In base 4, what is 2031 + -21?
2010
In base 2, what is 11000 - 1110100?
-1011100
In base 12, what is -5 - 288?
-291
In base 10, what is 19707 - -5?
19712
In base 5, what is -1214021 + 4?
-1214012
In base 12, what is 1 - 24?
-23
In base 4, what is 3 - 2311?
-2302
In base 3, what is -100111 + -101?
-100212
In base 10, what is 1 + -1254?
-1253
In base 12, what is -34b5 + -2?
-34b7
In base 3, what is 0 - 2010?
-2010
In base 15, what is 4 + -75?
-71
In base 4, what is 3230 - 1?
3223
In base 16, what is -8 + 3d?
35
In base 10, what is -9 - -20?
11
In base 13, what is -45 + 14?
-31
In base 9, what is 1 + -137?
-136
In base 15, what is c + -12?
-5
In base 13, what is -2 - -4?
2
In base 15, what is -7 + cc?
c5
In base 10, what is 12175 - 4?
12171
In base 2, what is 11 + 1001111?
1010010
In base 5, what is -1420 - -1?
-1414
In base 11, what is -7 + 154?
148
In base 9, what is 5 - 2047?
-2042
In base 16, what is -5 - 1d?
-22
In base 7, what is -1266 - -2?
-1264
In base 9, what is 4 + -523?
-518
In base 7, what is 1354 + 3?
1360
In base 9, what is -206 + -1?
-207
In base 16, what is -bec + -3?
-bef
In base 8, what is -2 - 173?
-175
In base 3, what is -1 - -200222?
200221
In base 6, what is 101 - -5?
110
In base 15, what is 6d1 - 3?
6cd
In base 8, what is 265 + 1?
266
In base 11, what is 2096 - 3?
2093
In base 13, what is 4 - -76?
7a
In base 11, what is -8 - 7?
-14
In base 9, what is 25 + 12?
37
In base 10, what is 16 - 100?
-84
In base 12, what is 40 - 1?
3b
In base 13, what is 187 - -6?
190
In base 3, what is -2 - -210?
201
In base 9, what is 13 + -27?
-14
In base 13, what is 1 + -552?
-551
In base 13, what is 6c - -6?
75
In base 11, what is -5 - -26?
21
In base 15, what is 0 - -26b?
26b
In base 13, what is 3 + -68?
-65
In base 2, what is -1110011011 + 10?
-1110011001
In base 4, what is -1 - 10302?
-10303
In base 7, what is 3 - -2125?
2131
In base 11, what is -a75 - -4?
-a71
In base 9, what is -18 - 81?
-110
In base 16, what is 30 + 1?
31
In base 8, what is -20 - 57?
-77
In base 5, what is -10 + -2410?
-2420
In base 3, what is -1 + -10022022?
-10022100
In base 15, what is -e2c - -3?
-e29
In base 2, what is 1011010 - 100?
1010110
In base 14, what is 16 - 66?
-50
In base 7, what is -506 - -4?
-502
In base 2, what is 10010010 + 100011?
10110101
In base 10, what is 20 - 12?
8
In base 8, what is -1 + -65?
-66
In base 7, what is -334 - -206?
-125
In base 10, what is -16 - -895?
879
In base 8, what is -653 - 3?
-656
In base 7, what is 161 + -5?
153
In base 12, what is 6 - -426?
430
In base 3, what is -201 - 12?
-220
In base 16, what is 5 - -25?
2a
In base 7, what is -1 + -611?
-612
In base 10, what is 599 + 3?
602
In base 15, what is -237 - 3?
-23a
In base 11, what is 5 - -22?
27
In base 3, what is 11 - -11211?
11222
In base 11, what is -227 - 7?
-233
In base 4, what is 0 + 23331?
23331
In base 4, what is 312 + -13?
233
In base 8, what is 514 - -5?
521
In base 10, what is -1915 - -2?
-1913
In base 10, what is 7 + -131?
-124
In base 15, what is -27 - -5?
-22
In base 16, what is 0 - 97?
-97
In base 3, what is 2111211 - 12?
2111122
In base 3, what is -10 - -112000?
111220
In base 12, what is 0 - 388?
-388
In base 4, what is -2 - -1320?
1312
In base 7, what is 2 + -24?
-22
In base 11, what is -4 - -3745?
3741
In base 3, what is -12 - 2112?
-2201
In base 8, what is -44 - -40?
-4
In base 9, what is 150 + 8?
158
In base 2, what is -10011110000 + 101?
-10011101011
In base 5, what is -10 + -23?
-33
In base 2, what is 11 + 111001?
111100
In base 10, what is 16 + -10?
6
In base 3, what is 12 + -21001?
-20212
In base 15, what is -14 - -6?
-d
In base 4, what is -3 - -300300?
300231
In base 4, what is 22 - 1102?
-1020
In base 2, what is -111 + 1000111011?
1000110100
In base 14, what is 125 - 17?
10c
In base 6, what is -1504 + 4?
-1500
In base 8, what is -5 - 424?
-431
In base 5, what is 3104 - 14?
3040
In base 7, what is 1 + 113?
114
In base 4, what is 1 + -11120?
-11113
In base 3, what is 0 - 11220?
-11220
In base 13, what is 3c2 + -2?
3c0
In base 7, what is 165 + -3?
162
In base 11, what is 5 + -47?
-42
In base 13, what is 145 - 2?
143
In base 9, what is 253 - -4?
257
In base 3, what is -2 - -1210?
1201
In base 14, what is -2 - 285?
-287
In base 7, what is -1 - 4103?
-4104
In base 16, what is -5 + 2f7?
2f2
In base 2, what is -1 + -110110100100?
-110110100101
In base 12, what is 2 - -17?
19
In base 12, what is -59 + -5?
-62
In base 16, what is 1 + -cf?
-ce
In base 15, what is -ae9 - 5?
-aee
In base 9, what is 263 - 87?
165
In base 16, what is 21b + -3?
218
In base 9, what is 24 - 14?
10
In base 15, what is -3 + 3?
0
In base 8, what is 4 - -2671?
2675
In base 14, what is 1b4 - 9?
1a9
In base 7, what is -4 + 26433?
26426
In base 3, what is -1 + -20002101?
-20002102
In base 16, what is 15aa + 1?
15ab
In base 3, what is -1110 - 1022?
-2202
In base 5, what is 303 - -2?
310
In base 8, what is 33 + 321?
354
In base 8, what is -531 - 2?
-533
In base 16, what is 3 - -16a0?
16a3
In base 2, what is 100001 + 111?
101000
In base 2, what is -100 - 10000000?
-10000100
In base 5, what is -12422 - 10?
-12432
In base 5, what is 0 + -1210?
-1210
In base 9, what is -1 + 24?
23
In base 2, what is -100010000 + 100011?
-11101101
In base 5, what is 1012 + 243?
1310
In base 12, what is 2 + 13b?
141
In base 15, what is -1 + -111?
-112
In base 3, what is 22 - 12211?
-12112
In base 9, what is 0 - -12?
12
In base 12, what is -632 + -3?
-635
In base 7, what is -33 + 26?
-4
In base 3, what is -10100 + -11?
-10111
In base 12, what is 2 + 3a?
40
In base 8, what is 3 - -7?
12
In base 8, what is 0 - 3?
-3
In base 4, what is 10 - 331?
-321
In base 7, what is 452 - 14?
435
In base 7, what is -104 - -1?
-103
In base 4, what is 2300 - 1?
2233
In base 4, what is 11 + -11320?
-11303
In base 15, what is 668 + 5?
66d
In base 3, what is 12222 + 11212?
101211
In base 3, what is 121012121 - 11?
121012110
In base 15, what is -18 - 13?
-2b
In base 3, what is -102122000 - -12?
-102121211
In base 10, what is 15855 + -5?
15850
In base 9, what is -34 - 21?
-55
In base 9, what is -115 - 151?
-266
In base 8, what is -546 + -1?
-547
In base 4, what is -3032 + 1?
-3031
In base 8, what is -16 - -741?
723
In base 2, what is 110101011 + -10?
110101001
In base 2, what is 100 + -11111?
-11011
In base 9, what is -25 + -254